2, 3, 41879
List the prime factors of 2251389.
3, 7, 107209
What are the prime factors of 859135?
5, 171827
List the prime factors of 369680.
2, 5, 4621
What are the prime factors of 2807858?
2, 19, 3889
List the prime factors of 118693.
19, 6247
List the prime factors of 335317.
23, 61, 239
What are the prime factors of 3802759?
3802759
List the prime factors of 2079139.
31, 47, 1427
What are the prime factors of 12360048?
2, 3, 257501
List the prime factors of 1088366.
2, 544183
List the prime factors of 22356524.
2, 5589131
List the prime factors of 160847.
239, 673
What are the prime factors of 270553?
270553
List the prime factors of 1509355.
5, 83, 3637
What are the prime factors of 2349658?
2, 1174829
List the prime factors of 420284.
2, 105071
List the prime factors of 508384.
2, 15887
List the prime factors of 188840.
2, 5, 4721
List the prime factors of 52397.
151, 347
List the prime factors of 1569954.
2, 3, 233, 1123
List the prime factors of 4780854.
2, 3, 13, 20431
List the prime factors of 684639.
3, 25357
What are the prime factors of 16898636?
2, 317, 13327
What are the prime factors of 1552815?
3, 5, 11, 3137
What are the prime factors of 390151?
390151
List the prime factors of 1657212.
2, 3, 138101
What are the prime factors of 6473762?
2, 3236881
What are the prime factors of 344551?
127, 2713
What are the prime factors of 328105?
5, 211, 311
List the prime factors of 2582581.
2582581
List the prime factors of 652022.
2, 7, 46573
What are the prime factors of 111132?
2, 3, 7
What are the prime factors of 267497?
267497
What are the prime factors of 443127?
3, 147709
What are the prime factors of 2198510?
2, 5, 219851
What are the prime factors of 2714083?
2714083
List the prime factors of 116064.
2, 3, 13, 31
List the prime factors of 14548385.
5, 89, 32693
What are the prime factors of 2959289?
149, 19861
What are the prime factors of 1182913?
23, 51431
What are the prime factors of 13654060?
2, 5, 7, 17, 5737
What are the prime factors of 3206950?
2, 5, 31, 2069
List the prime factors of 2312641.
2312641
What are the prime factors of 502875?
3, 5, 149
What are the prime factors of 1563950?
2, 5, 31, 1009
What are the prime factors of 26189850?
2, 3, 5, 174599
What are the prime factors of 889424?
2, 55589
List the prime factors of 175350.
2, 3, 5, 7, 167
List the prime factors of 3709414.
2, 181, 10247
What are the prime factors of 17488187?
107, 137, 1193
List the prime factors of 1326739.
1326739
What are the prime factors of 1013800?
2, 5, 37, 137
What are the prime factors of 28522290?
2, 3, 5, 950743
List the prime factors of 2011192.
2, 59, 4261
What are the prime factors of 2619100?
2, 5, 11, 2381
What are the prime factors of 27948655?
5, 7, 798533
What are the prime factors of 3631853?
1451, 2503
What are the prime factors of 2288619?
3, 254291
What are the prime factors of 188888?
2, 7, 3373
List the prime factors of 2646791.
7, 103, 3671
List the prime factors of 1620774.
2, 3, 127, 709
What are the prime factors of 421970?
2, 5, 42197
What are the prime factors of 595967?
595967
What are the prime factors of 51547?
19, 2713
What are the prime factors of 15985529?
7, 23, 99289
List the prime factors of 2153586.
2, 3, 358931
List the prime factors of 3407451.
3, 397, 2861
What are the prime factors of 1460386?
2, 191, 3823
List the prime factors of 36247.
67, 541
What are the prime factors of 21596855?
5, 7, 617053
What are the prime factors of 3441367?
3441367
What are the prime factors of 1704748?
2, 67, 6361
What are the prime factors of 493901?
17, 1709
List the prime factors of 2142189.
3, 7, 37, 919
List the prime factors of 21651867.
3, 267307
What are the prime factors of 345783?
3, 79, 1459
What are the prime factors of 103858?
2, 51929
What are the prime factors of 14833473?
3, 127, 38933
List the prime factors of 204665.
5, 40933
List the prime factors of 162788.
2, 40697
List the prime factors of 389568.
2, 3, 2029
List the prime factors of 4973230.
2, 5, 497323
List the prime factors of 10539412.
2, 13, 29, 241
List the prime factors of 4138974.
2, 3, 7, 107, 307
What are the prime factors of 10894314?
2, 3, 17, 29, 127
List the prime factors of 7162783.
7162783
What are the prime factors of 253944?
2, 3, 3527
What are the prime factors of 331016?
2, 7, 23, 257
List the prime factors of 8997176.
2, 1124647
What are the prime factors of 166898?
2, 83449
List the prime factors of 35090366.
2, 17545183
List the prime factors of 8757139.
139, 251
List the prime factors of 7039390.
2, 5, 73, 9643
List the prime factors of 12291337.
131, 93827
List the prime factors of 7234136.
2, 7, 13, 19, 523
List the prime factors of 386460.
2, 3, 5, 19, 113
What are the prime factors of 36461275?
5, 877, 1663
List the prime factors of 874470.
2, 3, 5, 103, 283
List the prime factors of 965281.
557, 1733
What are the prime factors of 274308?
2, 3, 22859
List the prime factors of 2517757.
11, 228887
List the prime factors of 8805227.
19, 463433
List the prime factors of 597249.
3, 66361
List the prime factors of 91323.
3, 73, 139
What are the prime factors of 279911?
317, 883
List the prime factors of 173616.
2, 3, 3617
What are the prime factors of 260406?
2, 3, 17, 23, 37
What are the prime factors of 10152053?
79, 107, 1201
List the prime factors of 6044846.
2, 97, 31159
What are the prime factors of 166957?
7, 17, 23, 61
List the prime factors of 145979.
17, 31, 277
What are the prime factors of 6854927?
17, 269, 1499
What are the prime factors of 163736?
2, 97, 211
What are the prime factors of 180548?
2, 45137
List the prime factors of 25717634.
2, 17, 23, 32887
List the prime factors of 1555330.
2, 5, 7, 17, 1307
What are the prime factors of 213795?
3, 5, 4751
List the prime factors of 400184.
2, 50023
List the prime factors of 5728659.
3, 1327, 1439
What are the prime factors of 10231857?
3, 653, 1741
What are the prime factors of 247967?
67, 3701
What are the prime factors of 199854?
2, 3, 3701
List the prime factors of 5797142.
2, 13, 222967
List the prime factors of 4708908.
2, 3, 59, 739
What are the prime factors of 1135139?
101, 11239
What are the prime factors of 20244991?
13, 23, 67709
List the prime factors of 4167817.
347, 12011
What are the prime factors of 532496?
2, 23, 1447
What are the prime factors of 1002076?
2, 379, 661
List the prime factors of 13890958.
2, 6945479
List the prime factors of 1866863.
1866863
List the prime factors of 2998491.
3, 499, 2003
List the prime factors of 108860.
2, 5, 5443
What are the prime factors of 630830?
2, 5, 199, 317
What are the prime factors of 20918?
2, 10459
List the prime factors of 24043177.
24043177
What are the prime factors of 5624000?
2, 5, 19, 37
What are the prime factors of 1356059?
1356059
What are the prime factors of 589618?
2, 294809
What are the prime factors of 188293?
7, 37, 727
What are the prime factors of 395603?
13, 30431
What are the prime factors of 160383?
3, 193, 277
List the prime factors of 834001.
7, 283, 421
List the prime factors of 1003987.
727, 1381
What are the prime factors of 1005501?
3, 7, 47881
What are the prime factors of 274906?
2, 137453
List the prime factors of 135115.
5, 61, 443
List the prime factors of 5542837.
233, 23789
List the prime factors of 254815.
5, 11, 41, 113
List the prime factors of 30433519.
17, 1217, 1471
What are the prime factors of 923624?
2, 13, 83, 107
What are the prime factors of 9671670?
2, 3, 5, 113, 317
List the prime factors of 395047.
395047
What are the prime factors of 5853087?
3, 216781
What are the prime factors of 1627998?
2, 3, 271333
List the prime factors of 210182.
2, 7, 15013
List the prime factors of 258417.
3, 17, 563
What are the prime factors of 696205?
5, 139241
List the prime factors of 273190.
2, 5, 17, 1607
List the prime factors of 284633.
284633
What are the prime factors of 1284394?
2, 642197
List the prime factors of 400844.
2, 23, 4357
What are the prime factors of 425395?
5, 149, 571
What are the prime factors of 15322126?
2, 1567, 4889
What are the prime factors of 2581698?
2, 3, 7, 61469
List the prime factors of 1162786.
2, 581393
What are the prime factors of 11488520?
2, 5, 503, 571
What are the prime factors of 12670470?
2, 3, 5, 23, 6121
List the 